{"id":118,"date":"2022-04-21T22:51:50","date_gmt":"2022-04-21T20:51:50","guid":{"rendered":"http:\/\/patrimoinedesabers.fr\/BlogWP\/?page_id=118"},"modified":"2023-01-29T11:37:55","modified_gmt":"2023-01-29T10:37:55","slug":"les-realisations","status":"publish","type":"page","link":"https:\/\/patrimoinedesabers.fr\/BlogWP\/les-realisations\/","title":{"rendered":"Les r\u00e9alisations"},"content":{"rendered":"\n<h2 class=\"wp-block-heading\" id=\"1-les-r%C3%A9alisations\">Nos r\u00e9alisations class\u00e9es par cat\u00e9gories<\/h2>\n\n\n<ul class=\"wp-block-categories-list wp-block-categories\">\t<li class=\"cat-item cat-item-12\"><a href=\"https:\/\/patrimoinedesabers.fr\/BlogWP\/category\/dans-la-presse\/\">Dans la presse&#8230;<\/a>\n<\/li>\n\t<li class=\"cat-item cat-item-11\"><a href=\"https:\/\/patrimoinedesabers.fr\/BlogWP\/category\/realisations\/\">R\u00e9alisations<\/a>\n<\/li>\n<\/ul>","protected":false},"excerpt":{"rendered":"<p>Nos r\u00e9alisations class\u00e9es par cat\u00e9gories<\/p>\n","protected":false},"author":1,"featured_media":0,"parent":0,"menu_order":0,"comment_status":"closed","ping_status":"closed","template":"","meta":{"qubely_global_settings":"","qubely_interactions":"","_glsr_average":0,"_glsr_ranking":0,"_glsr_reviews":0,"footnotes":""},"class_list":["post-118","page","type-page","status-publish","hentry"],"blocksy_meta":{"styles_descriptor":{"styles":{"desktop":"","tablet":"","mobile":""},"google_fonts":[],"version":6}},"yoast_head":"<!-- This site is optimized with the Yoast SEO plugin v27.3 - https:\/\/yoast.com\/product\/yoast-seo-wordpress\/ -->\n<title>Les r\u00e9alisations - Blog de l&#039;association Patrimoine des Abers<\/title>\n<meta name=\"description\" content=\"Les actions de p\u00e9dagogie r\u00e9alis\u00e9es par l&#039;association : visites guid\u00e9es, expositions, conf\u00e9rences, actions aupr\u00e8s des \u00e9coles, etc.\" \/>\n<meta name=\"robots\" content=\"index, follow, max-snippet:-1, max-image-preview:large, max-video-preview:-1\" \/>\n<link rel=\"canonical\" href=\"https:\/\/patrimoinedesabers.fr\/BlogWP\/les-realisations\/\" \/>\n<meta property=\"og:locale\" content=\"fr_FR\" \/>\n<meta property=\"og:type\" content=\"article\" \/>\n<meta property=\"og:title\" content=\"Les r\u00e9alisations - Blog de l&#039;association Patrimoine des Abers\" \/>\n<meta property=\"og:description\" content=\"Les actions de p\u00e9dagogie r\u00e9alis\u00e9es par l&#039;association : visites guid\u00e9es, expositions, conf\u00e9rences, actions aupr\u00e8s des \u00e9coles, etc.\" \/>\n<meta property=\"og:url\" content=\"https:\/\/patrimoinedesabers.fr\/BlogWP\/les-realisations\/\" \/>\n<meta property=\"og:site_name\" content=\"Blog de l&#039;association Patrimoine des Abers\" \/>\n<meta property=\"article:modified_time\" content=\"2023-01-29T10:37:55+00:00\" \/>\n<meta name=\"twitter:card\" content=\"summary_large_image\" \/>\n<meta name=\"twitter:label1\" content=\"Dur\u00e9e de lecture estim\u00e9e\" \/>\n\t<meta name=\"twitter:data1\" content=\"1 minute\" \/>\n<script type=\"application\/ld+json\" class=\"yoast-schema-graph\">{\"@context\":\"https:\\\/\\\/schema.org\",\"@graph\":[{\"@type\":\"WebPage\",\"@id\":\"https:\\\/\\\/patrimoinedesabers.fr\\\/BlogWP\\\/les-realisations\\\/\",\"url\":\"https:\\\/\\\/patrimoinedesabers.fr\\\/BlogWP\\\/les-realisations\\\/\",\"name\":\"Les r\u00e9alisations - Blog de l&#039;association Patrimoine des Abers\",\"isPartOf\":{\"@id\":\"https:\\\/\\\/patrimoinedesabers.fr\\\/BlogWP\\\/#website\"},\"datePublished\":\"2022-04-21T20:51:50+00:00\",\"dateModified\":\"2023-01-29T10:37:55+00:00\",\"description\":\"Les actions de p\u00e9dagogie r\u00e9alis\u00e9es par l'association : visites guid\u00e9es, expositions, conf\u00e9rences, actions aupr\u00e8s des \u00e9coles, etc.\",\"breadcrumb\":{\"@id\":\"https:\\\/\\\/patrimoinedesabers.fr\\\/BlogWP\\\/les-realisations\\\/#breadcrumb\"},\"inLanguage\":\"fr-FR\",\"potentialAction\":[{\"@type\":\"ReadAction\",\"target\":[\"https:\\\/\\\/patrimoinedesabers.fr\\\/BlogWP\\\/les-realisations\\\/\"]}]},{\"@type\":\"BreadcrumbList\",\"@id\":\"https:\\\/\\\/patrimoinedesabers.fr\\\/BlogWP\\\/les-realisations\\\/#breadcrumb\",\"itemListElement\":[{\"@type\":\"ListItem\",\"position\":1,\"name\":\"Accueil\",\"item\":\"https:\\\/\\\/patrimoinedesabers.fr\\\/BlogWP\\\/\"},{\"@type\":\"ListItem\",\"position\":2,\"name\":\"Les r\u00e9alisations\"}]},{\"@type\":\"WebSite\",\"@id\":\"https:\\\/\\\/patrimoinedesabers.fr\\\/BlogWP\\\/#website\",\"url\":\"https:\\\/\\\/patrimoinedesabers.fr\\\/BlogWP\\\/\",\"name\":\"Blog de l&#039;association Patrimoine des Abers\",\"description\":\"D\u00e9couvrez le patrimoine des Abers - Land\u00e9da - Lannilis\",\"potentialAction\":[{\"@type\":\"SearchAction\",\"target\":{\"@type\":\"EntryPoint\",\"urlTemplate\":\"https:\\\/\\\/patrimoinedesabers.fr\\\/BlogWP\\\/?s={search_term_string}\"},\"query-input\":{\"@type\":\"PropertyValueSpecification\",\"valueRequired\":true,\"valueName\":\"search_term_string\"}}],\"inLanguage\":\"fr-FR\"}]}<\/script>\n<!-- \/ Yoast SEO plugin. -->","yoast_head_json":{"title":"Les r\u00e9alisations - Blog de l&#039;association Patrimoine des Abers","description":"Les actions de p\u00e9dagogie r\u00e9alis\u00e9es par l'association : visites guid\u00e9es, expositions, conf\u00e9rences, actions aupr\u00e8s des \u00e9coles, etc.","robots":{"index":"index","follow":"follow","max-snippet":"max-snippet:-1","max-image-preview":"max-image-preview:large","max-video-preview":"max-video-preview:-1"},"canonical":"https:\/\/patrimoinedesabers.fr\/BlogWP\/les-realisations\/","og_locale":"fr_FR","og_type":"article","og_title":"Les r\u00e9alisations - Blog de l&#039;association Patrimoine des Abers","og_description":"Les actions de p\u00e9dagogie r\u00e9alis\u00e9es par l'association : visites guid\u00e9es, expositions, conf\u00e9rences, actions aupr\u00e8s des \u00e9coles, etc.","og_url":"https:\/\/patrimoinedesabers.fr\/BlogWP\/les-realisations\/","og_site_name":"Blog de l&#039;association Patrimoine des Abers","article_modified_time":"2023-01-29T10:37:55+00:00","twitter_card":"summary_large_image","twitter_misc":{"Dur\u00e9e de lecture estim\u00e9e":"1 minute"},"schema":{"@context":"https:\/\/schema.org","@graph":[{"@type":"WebPage","@id":"https:\/\/patrimoinedesabers.fr\/BlogWP\/les-realisations\/","url":"https:\/\/patrimoinedesabers.fr\/BlogWP\/les-realisations\/","name":"Les r\u00e9alisations - Blog de l&#039;association Patrimoine des Abers","isPartOf":{"@id":"https:\/\/patrimoinedesabers.fr\/BlogWP\/#website"},"datePublished":"2022-04-21T20:51:50+00:00","dateModified":"2023-01-29T10:37:55+00:00","description":"Les actions de p\u00e9dagogie r\u00e9alis\u00e9es par l'association : visites guid\u00e9es, expositions, conf\u00e9rences, actions aupr\u00e8s des \u00e9coles, etc.","breadcrumb":{"@id":"https:\/\/patrimoinedesabers.fr\/BlogWP\/les-realisations\/#breadcrumb"},"inLanguage":"fr-FR","potentialAction":[{"@type":"ReadAction","target":["https:\/\/patrimoinedesabers.fr\/BlogWP\/les-realisations\/"]}]},{"@type":"BreadcrumbList","@id":"https:\/\/patrimoinedesabers.fr\/BlogWP\/les-realisations\/#breadcrumb","itemListElement":[{"@type":"ListItem","position":1,"name":"Accueil","item":"https:\/\/patrimoinedesabers.fr\/BlogWP\/"},{"@type":"ListItem","position":2,"name":"Les r\u00e9alisations"}]},{"@type":"WebSite","@id":"https:\/\/patrimoinedesabers.fr\/BlogWP\/#website","url":"https:\/\/patrimoinedesabers.fr\/BlogWP\/","name":"Blog de l&#039;association Patrimoine des Abers","description":"D\u00e9couvrez le patrimoine des Abers - Land\u00e9da - Lannilis","potentialAction":[{"@type":"SearchAction","target":{"@type":"EntryPoint","urlTemplate":"https:\/\/patrimoinedesabers.fr\/BlogWP\/?s={search_term_string}"},"query-input":{"@type":"PropertyValueSpecification","valueRequired":true,"valueName":"search_term_string"}}],"inLanguage":"fr-FR"}]}},"_links":{"self":[{"href":"https:\/\/patrimoinedesabers.fr\/BlogWP\/wp-json\/wp\/v2\/pages\/118","targetHints":{"allow":["GET"]}}],"collection":[{"href":"https:\/\/patrimoinedesabers.fr\/BlogWP\/wp-json\/wp\/v2\/pages"}],"about":[{"href":"https:\/\/patrimoinedesabers.fr\/BlogWP\/wp-json\/wp\/v2\/types\/page"}],"author":[{"embeddable":true,"href":"https:\/\/patrimoinedesabers.fr\/BlogWP\/wp-json\/wp\/v2\/users\/1"}],"replies":[{"embeddable":true,"href":"https:\/\/patrimoinedesabers.fr\/BlogWP\/wp-json\/wp\/v2\/comments?post=118"}],"version-history":[{"count":6,"href":"https:\/\/patrimoinedesabers.fr\/BlogWP\/wp-json\/wp\/v2\/pages\/118\/revisions"}],"predecessor-version":[{"id":728,"href":"https:\/\/patrimoinedesabers.fr\/BlogWP\/wp-json\/wp\/v2\/pages\/118\/revisions\/728"}],"wp:attachment":[{"href":"https:\/\/patrimoinedesabers.fr\/BlogWP\/wp-json\/wp\/v2\/media?parent=118"}],"curies":[{"name":"wp","href":"https:\/\/api.w.org\/{rel}","templated":true}]}}